{"id":44,"date":"2017-03-14T13:56:09","date_gmt":"2017-03-14T13:56:09","guid":{"rendered":"http:\/\/eurofiling.info\/2017\/?page_id=44"},"modified":"2018-05-14T12:37:29","modified_gmt":"2018-05-14T11:37:29","slug":"venue","status":"publish","type":"page","link":"http:\/\/eurofiling.info\/2018\/venue\/","title":{"rendered":"Venue"},"content":{"rendered":"<h2>Location<\/h2>\n<p style=\"text-align: center;\">All three days of the Eurofiling XBRL Workshop 2018 are hosted at the Headquarters of the <strong>Warsaw Stock Exchange<\/strong>.<\/p>\n<p style=\"text-align: center;\"><strong>Address:<\/strong> Ksi\u0105\u017c\u0119ca 4 St, 00-498 Warsaw<\/p>\n\n                \n            <div id=\"wpgmza_map\"  style=\"display:block; overflow:auto; width:100%; height:400px; float:left;\">\n            \n            <\/div>\n        \n\t\t\t\t\t\t\t\t\t\t<img decoding=\"async\" loading=\"lazy\" width=\"552\" height=\"368\" src=\"http:\/\/eurofiling.info\/2018\/wp-content\/uploads\/linkedin_05-14a.png\" alt=\"\" srcset=\"http:\/\/eurofiling.info\/2018\/wp-content\/uploads\/linkedin_05-14a.png 552w, http:\/\/eurofiling.info\/2018\/wp-content\/uploads\/linkedin_05-14a-300x200.png 300w\" sizes=\"(max-width: 552px) 100vw, 552px\" \/>\t\t\t\t\t\t\t\t\t\t\t<\/p>\n<h2>Networking Dinner<\/h2>\n<p>The exclusive networking evening of <strong>Eurofiling XBRL Week 2018<\/strong> will take place in <strong>Patio Domu Dochodowego<\/strong>, <strong>on May 29th at 19:00<\/strong><\/p>\n<p>We are pleased to invite all interested participants to join us at this unique evening of great food, drinks and networking.<\/p>\n<p>Come to meet colleagues and specialists in your field of expertise in a relaxed environment, enjoying the extraordinary polish cuisine.<\/p>\n<p>\u00a0To learn more about the restaurant by visiting the website:<\/p>\n<h2><b>Restauracja AleGloria<\/b><br \/>\nThree Crosses Squere 3<br \/>\n00-535 Warsaw<br \/>\nTel +48 (22) 584 70 80<br \/>\ne-mail: alegloria@alegloria.pl<br \/>\n<\/h2>\n<h2>\n<p>From <b>Warsaw Stock Exchange<\/b>, on foot 4 min<\/p>\n<p><o:p><\/o:p><\/p>\n<\/h2>\n<p>\t\t\t\t\t\t\t\t\t\t<img decoding=\"async\" loading=\"lazy\" width=\"1024\" height=\"683\" src=\"http:\/\/eurofiling.info\/2018\/wp-content\/uploads\/774df9dd-3da2-4933-875a-bbaf5c3c161f-1024x683.jpg\" alt=\"\" srcset=\"http:\/\/eurofiling.info\/2018\/wp-content\/uploads\/774df9dd-3da2-4933-875a-bbaf5c3c161f-1024x683.jpg 1024w, http:\/\/eurofiling.info\/2018\/wp-content\/uploads\/774df9dd-3da2-4933-875a-bbaf5c3c161f-300x200.jpg 300w, http:\/\/eurofiling.info\/2018\/wp-content\/uploads\/774df9dd-3da2-4933-875a-bbaf5c3c161f-768x512.jpg 768w\" sizes=\"(max-width: 1024px) 100vw, 1024px\" \/><br \/>\n\t\t\t\t\t\t\t\t\t\t<img decoding=\"async\" loading=\"lazy\" width=\"1024\" height=\"683\" src=\"http:\/\/eurofiling.info\/2018\/wp-content\/uploads\/AdobeStock_137518248-1024x683.jpeg\" alt=\"\" srcset=\"http:\/\/eurofiling.info\/2018\/wp-content\/uploads\/AdobeStock_137518248-1024x683.jpeg 1024w, http:\/\/eurofiling.info\/2018\/wp-content\/uploads\/AdobeStock_137518248-300x200.jpeg 300w, http:\/\/eurofiling.info\/2018\/wp-content\/uploads\/AdobeStock_137518248-768x512.jpeg 768w\" sizes=\"(max-width: 1024px) 100vw, 1024px\" \/>\t\t\t\t\t\t\t\t\t\t\t<\/p>\n<h2>The City<br \/>\n<b>Discover WARSAW<\/b><\/p>\n<\/h2>\n<p><strong>1 \/<\/strong>\u00a0Taste palatable polish dishes\u00a0<br \/> <strong>2 \/<\/strong>\u00a0Visit Royal Castle at the heart of Warsaw Old Town\u00a0<br \/> <strong>3 \/<\/strong>\u00a0Enjoy live jazz at the clubs on Nowy Swiat Street\u00a0<br \/> <strong>4 \/<\/strong>\u00a0Take in some culture at the National Museum or POLIN Museum on the History of Polish Jews\u00a0<br \/> <strong>5 \/<\/strong>\u00a0Feast at some amazing restaurants\u00a0and taste palatable polish dishes\u00a0<br \/> <strong>6 \/<\/strong>\u00a0Stroll around City Park\u00a0<br \/> <strong>7 \/<\/strong>\u00a0Jump on a streetcar to tour the entire city<\/p>\n<h2>How to get there?<\/h2>\n<h2>Getting there by taxi<\/h2>\n<p>Sawa Taxi: +48 22 644 44<\/p>\n<p>Ele Taxi<\/p>\n<p>MPT Taxi<\/p>\n<h2>Getting there by train<\/h2>\n<p>Warsaw main train station is &#8220;Warszawa Centralna&#8221;.\u00a0<br \/>It is located approximately 1,6km from the Warsaw Stock Exchange HQ.\u00a0<\/p>\n<h2>Getting there by plane<\/h2>\n<p>Warsaw Fryderyk Chopin airport &#8220;Warszawa Okecie&#8221; (IATA: WAW) operates daily regular routes with major European capitals.\u00a0Please use airport recommended taxis to avoid touts.\u00a0<\/p>\n<h2>Accomodation<\/h2>\n<p>\t\t\t\t\t\t\t\t\t\t\t<a href=\"https:\/\/www.accorhotels.com\/pl\/hotel-3384-mercure-warszawa-grand\/index.shtml#origin=mercure\" data-elementor-open-lightbox=\"\"><br \/>\n\t\t\t\t\t\t\t<img decoding=\"async\" loading=\"lazy\" width=\"150\" height=\"150\" src=\"http:\/\/eurofiling.info\/2018\/wp-content\/uploads\/3384_ho_00_p_2048x1536-150x150.jpg\" alt=\"\" \/>\t\t\t\t\t\t\t\t<\/a><\/p>\n<h2>\n<h3 data-elementor-setting-key=\"title_text\" data-elementor-inline-editing-toolbar=\"none\" data-pen-placeholder=\"Type Here...\" style=\"font-variant-ligatures: normal; font-variant-caps: normal; text-align: center;\">Hotel Mercure Warsaw Grand<\/h3>\n<\/h2>\n<p>Located in the center, near the Palace of Culture, PGE National Stadium and the old town. Good public transport tram\/metro &#8211; 5 min, train station &#8211; 15 min<\/p>\n<p>\t\t\t\t\t\t\t\t\t\t\t<a href=\"http:\/\/www.sheratonwarsaw.pl\/\" data-elementor-open-lightbox=\"\"><br \/>\n\t\t\t\t\t\t\t<img decoding=\"async\" loading=\"lazy\" width=\"150\" height=\"150\" src=\"http:\/\/eurofiling.info\/2018\/wp-content\/uploads\/531c474a_z-150x150.jpg\" alt=\"\" \/>\t\t\t\t\t\t\t\t<\/a><\/p>\n<h2>\n<h3 data-elementor-setting-key=\"title_text\" data-elementor-inline-editing-toolbar=\"none\" data-pen-placeholder=\"Type Here...\" style=\"font-variant-ligatures: normal; font-variant-caps: normal; text-align: center;\">Sheraton Warsaw Hotel<\/h3>\n<\/h2>\n<p>The 5-star Sheraton Warsaw Hotel is located in the centre of Warsaw in Three Crosses Square, just 5 minutes from the famous Nowy \u015awiat Street and a 10-minute walk from \u0141azienki Royal Park.\u00a0<\/p>\n<p>\t\t\t\t\t\t\t\t\t\t\t<a href=\"http:\/\/indigowarsaw.com\/en\/\" data-elementor-open-lightbox=\"\"><br \/>\n\t\t\t\t\t\t\t<img decoding=\"async\" loading=\"lazy\" width=\"150\" height=\"150\" src=\"http:\/\/eurofiling.info\/2018\/wp-content\/uploads\/99674480-150x150.jpg\" alt=\"\" \/>\t\t\t\t\t\t\t\t<\/a><\/p>\n<h2>\n<h3 data-elementor-setting-key=\"title_text\" data-elementor-inline-editing-toolbar=\"none\" data-pen-placeholder=\"Type Here...\" style=\"font-variant-ligatures: normal; font-variant-caps: normal; text-align: center;\">Hotel Indigo Warsaw<\/h3>\n<\/h2>\n<p>Hotel Indigo &#8211; Warsaw &#8211; Nowy Swiat is a 4-star, boutique hotel located in a renovated 19th century building, in the centre of Warsaw, opposite the National Museum.<\/p>\n<p>\t\t\t\t\t\t\t\t\t\t\t<a href=\"https:\/\/www.booking.com\/hotel\/pl\/warsaw_ota.en.html?aid=311984;label=hotel-87031-pl-hRkudXzETjXzdSsmPVqYhwS162159864168:pl:ta:p1:p2:ac:ap1t1:neg:fi:tikwd-1909429425:lp1011615:li:dec:dm;ws=&amp;gclid=EAIaIQobChMIoovrtpTQ2gIVAY4YCh0Djw1nEAAYASAAEgJj5vD_BwE\" data-elementor-open-lightbox=\"\"><br \/>\n\t\t\t\t\t\t\t<img decoding=\"async\" loading=\"lazy\" width=\"150\" height=\"150\" src=\"http:\/\/eurofiling.info\/2018\/wp-content\/uploads\/90374351-150x150.jpg\" alt=\"\" \/>\t\t\t\t\t\t\t\t<\/a><\/p>\n<h2>\n<h3 data-elementor-setting-key=\"title_text\" data-elementor-inline-editing-toolbar=\"none\" data-pen-placeholder=\"Type Here...\" style=\"font-variant-ligatures: normal; font-variant-caps: normal; text-align: center;\">Royal Route Residence<\/h3>\n<\/h2>\n<p>Within walking distance\u00a0of the railway station and popular attractions, Royal Route Residence offers you modern and stylish apartments in a renovated historical building on one of the most famous streets in Warsaw.<\/p>\n<p>\t\t\t\t\t\t\t\t\t\t<img decoding=\"async\" loading=\"lazy\" width=\"181\" height=\"95\" src=\"http:\/\/eurofiling.info\/2018\/wp-content\/uploads\/eurofiling_logo.jpg\" alt=\"\" \/><br \/>\n\t\t\t\t\t\t\t\t\t\t<img decoding=\"async\" loading=\"lazy\" width=\"318\" height=\"44\" src=\"http:\/\/eurofiling.info\/2018\/wp-content\/uploads\/image004.png\" alt=\"\" srcset=\"http:\/\/eurofiling.info\/2018\/wp-content\/uploads\/image004.png 318w, http:\/\/eurofiling.info\/2018\/wp-content\/uploads\/image004-300x42.png 300w\" sizes=\"(max-width: 318px) 100vw, 318px\" \/>\t\t\t\t\t\t\t\t\t\t\t<\/p>\n<p>Eurofiling provides a collaborative environment, being since 2005 an open meeting place for Regulators, Supervisors, Entities from both the public and private sector, such as financial institutions, providers, academic and private individuals around the following central theme: European and National Regulatory Reporting and the financial ecosystem; improving collaboration and awareness to leverage interoperability; together.<\/p>\n<p>XBRL Europe has been set up to foster European XBRL efforts and to implement common XBRL projects in Europe between its members and to liaise with European Authorities and organizations. XBRLEurope is also governed by its Executive Committee under the supervision of the General Assembly. The Executive Committee as the managing body of the Association, is responsible for the management and administration of the Association.<\/p>\n<h2>Previous editions<\/h2>\n<p>\t\t\t\t\t\t\t\t\t\t\t\tEurofiling XBRL Week 2016\t\t\t\t\t<\/p>\n<p>More information on the\u00a0<a href=\"http:\/\/www.xbrleurope.org\/component\/content\/article\/78-latest-news\/140-xbrl-week-in-frankfurt-2016\" target=\"_blank\" rel=\"noopener\" data-slimstat=\"1\">XBRL WEEK Event page<\/a><\/p>\n<p>\t\t\t\t\t\t\t\t\t\t\t\tEurofiling XBRL Week 2015\t\t\t\t\t<\/p>\n<p>15<sup>th<\/sup>\u00a0XBRL EU Day &amp; 21<sup>st<\/sup>\u00a0Eurofiling Workshop\u00a0XBRL week in Madrid<\/p>\n<p>More information on the\u00a0<a href=\"http:\/\/www.eurofiling.info\/201506\/\" target=\"_blank\" rel=\"noopener\" data-slimstat=\"1\">XBRL WEEK Event page<\/a><\/p>\n<p>\t\t\t\t\t\t\t\t\t\t\t\tEurofiling XBRL Week 2014\t\t\t\t\t<\/p>\n<p>14<sup>th<\/sup>\u00a0XBRL EU Day &amp; 20<sup>th<\/sup>\u00a0Eurofiling Workshop\u00a0XBRL week in Brussels<\/p>\n<p>More information on the\u00a0<a href=\"http:\/\/www.eurofiling.info\/201411\/\" target=\"_blank\" rel=\"noopener\" data-slimstat=\"1\">XBRL WEEK Event page<\/a><\/p>\n<p>\t\t\t\t\t\t\t\t\t\t\t\tEurofiling XBRL Week 2014\t\t\t\t\t<\/p>\n<p>13<sup>th<\/sup>\u00a0XBRL EU Day &amp; 19<sup>th<\/sup>\u00a0Eurofiling Workshop\u00a0XBRL week in Rome<\/p>\n<p>More information on the\u00a0<a href=\"http:\/\/www.eurofiling.info\/201405\/\" target=\"_blank\" rel=\"noopener\" data-slimstat=\"1\">XBRL WEEK Event page<\/a><\/p>\n<p>\t\t\t\t\t\t\t\t\t\t\t\tEurofiling XBRL Week 2013\t\t\t\t\t<\/p>\n<p>XBRL week in Luxembourg<br \/>XBRL EU Day &amp; Eurofiling Workshop<\/p>\n<p>More information on the\u00a0<a href=\"http:\/\/www.eurofiling.info\/201312\/\" target=\"_blank\" rel=\"noopener\" data-slimstat=\"1\">XBRL WEEK Event page<\/a><\/p>\n<p>\t\t\t\t\t\t\t\t\t\t\t\tEurofiling XBRL Week 2013\t\t\t\t\t<\/p>\n<p>11<sup>th<\/sup>\u00a0XBRL Europe Day &amp; 17<sup>th<\/sup>\u00a0Eurofiling Workshop\u00a0<\/p>\n<p>More information on the\u00a0<a href=\"http:\/\/www.eurofiling.info\/201306\/\" target=\"_blank\" rel=\"noopener\" data-slimstat=\"1\">XBRL WEEK Event page<\/a><\/p>\n<p>\t\t\t\t\t\t\t\t\t\t\t\tEurofiling XBRL Week 2012\t\t\t\t\t<\/p>\n<p>XBRL week in Frankfurt<br \/>XBRL EU Day &amp; Eurofiling Workshop\u00a0<\/p>\n<p>More information on the\u00a0<a href=\"http:\/\/www.eurofiling.info\/201212\/\" target=\"_blank\" rel=\"noopener\" data-slimstat=\"1\">XBRL WEEK Event page<\/a><\/p>\n<p>\t\t\t\t\t\t\t\t\t\t\t\tEurofiling XBRL Week 2012\t\t\t\t\t<\/p>\n<p>XBRL week in Madrid\u00a0<\/p>\n<p>More information on the\u00a0<a href=\"http:\/\/eurofiling.info\/15th_workshop\/index.shtml\" target=\"_blank\" rel=\"noopener\" data-slimstat=\"1\">XBRL WEEK Event page<\/a><\/p>\n<p>\t\t\t\t\t\t\t<a href=\"mailto:2018@eurofiling.info\" target=\"_blank\"><br \/>\n\t\t\t\t\tEnvelope<br \/>\n\t\t\t\t<\/a><br \/>\n\t\t\t\t\t\t\t<a href=\"https:\/\/www.linkedin.com\/company\/18578951\/\" target=\"_blank\"><br \/>\n\t\t\t\t\tLinkedin<br \/>\n\t\t\t\t<\/a><br \/>\n\t\t\t\t\t\t\t<a href=\"https:\/\/www.facebook.com\/Eurofiling2018-394471017720712\/\" target=\"_blank\"><br \/>\n\t\t\t\t\tFacebook<br \/>\n\t\t\t\t<\/a><br \/>\n\t\t\t\t\t\t\t<a href=\"https:\/\/twitter.com\/eurofiling2018\" target=\"_blank\"><br \/>\n\t\t\t\t\tTwitter<br \/>\n\t\t\t\t<\/a><\/p>\n","protected":false},"excerpt":{"rendered":"<p>Location All three days of the Eurofiling XBRL Workshop 2018 are hosted at the Headquarters of the Warsaw Stock Exchange. Address: Ksi\u0105\u017c\u0119ca 4 St, 00-498 Warsaw Networking Dinner The exclusive networking evening of Eurofiling XBRL Week 2018 will take place in Patio Domu Dochodowego, on May 29th at 19:00 We are pleased to invite all [&hellip;]<\/p>\n","protected":false},"author":1,"featured_media":0,"parent":0,"menu_order":70,"comment_status":"closed","ping_status":"closed","template":"elementor_header_footer","meta":[],"_links":{"self":[{"href":"http:\/\/eurofiling.info\/2018\/wp-json\/wp\/v2\/pages\/44"}],"collection":[{"href":"http:\/\/eurofiling.info\/2018\/wp-json\/wp\/v2\/pages"}],"about":[{"href":"http:\/\/eurofiling.info\/2018\/wp-json\/wp\/v2\/types\/page"}],"author":[{"embeddable":true,"href":"http:\/\/eurofiling.info\/2018\/wp-json\/wp\/v2\/users\/1"}],"replies":[{"embeddable":true,"href":"http:\/\/eurofiling.info\/2018\/wp-json\/wp\/v2\/comments?post=44"}],"version-history":[{"count":69,"href":"http:\/\/eurofiling.info\/2018\/wp-json\/wp\/v2\/pages\/44\/revisions"}],"predecessor-version":[{"id":2412,"href":"http:\/\/eurofiling.info\/2018\/wp-json\/wp\/v2\/pages\/44\/revisions\/2412"}],"wp:attachment":[{"href":"http:\/\/eurofiling.info\/2018\/wp-json\/wp\/v2\/media?parent=44"}],"curies":[{"name":"wp","href":"https:\/\/api.w.org\/{rel}","templated":true}]}}